/j?
2
Suppose -3*l - 23 = 4*n, 4*n - 5*l = 16 + 1. Let x be n/(-2) + (-1 - -1). What is the units digit of (2 + -1 - -3) + x?
5
Let b(q) = q. Let x be b(8). Suppose i - d + 1 = d, x = 2*i + d. Suppose s - i*f = 21, 3*f = -s - 0*f + 9. What is the units digit of s?
5
Suppose 5*l - 3 = 167. Suppose 3*n - l = -7. What is the units digit of n?
9
Let m(u) = u**3 - 9*u**2 - 11*u + 28. What is the units digit of m(11)?
9
Suppose -3*j + 5*r + 20 = 0, -10 - 13 = -5*j - 2*r. Let p be 93/j - (-18)/(-30). Suppose 5*s = s - 5*w + 37, s + 3*w = p. What is the units digit of s?
3
Suppose -3*l + 219 + 828 = 0. What is the units digit of l?
9
Suppose 4*u - 347 = c, 4*c = -c + 5. Let z = 136 - u. What is the tens digit of z?
4
Let z(t) = -t**3 + 15*t**2 + 4*t + 9. What is the tens digit of z(15)?
6
Let c be (-2 - -347) + (3 - 3). What is the tens digit of (-6)/(-9) - c/(-9)?
3
Let y(z) = -2*z**2 + 5 + 16*z**3 - 17*z**3 + 6*z + 2*z**2. What is the units digit of y(-4)?
5
Let a(n) = -5*n + 1. Let q be a(-4). Let o be (1 - -1)/((-6)/q). Let y = o + 9. What is the units digit of y?
2
Suppose 13*o - 16*o + 93 = 0. What is the units digit of o?
1
Let d(g) = -g**2 - 15*g + 6. What is the tens digit of d(-7)?
6
Let z(v) = 54*v + 9. What is the tens digit of z(2)?
1
Suppose 5 = 3*i - 2*i. Suppose 9 = 3*c - 2*d - 111, 0 = 4*c - 4*d - 160. Suppose -5*v + c = -i*y - 0, 0 = -2*y. What is the units digit of v?
8
Let b(k) be the third derivative of 0*k + 1/6*k**4 + 3*k**2 - 4/3*k**3 + 1/60*k**5 + 0. What is the units digit of b(-6)?
4
Suppose 0*x + 54 = 3*x. Let y = x - 8. What is the tens digit of y?
1
Let l(s) = s**2 + 2*s - 3. Let r be l(2). Suppose 3*f = r*w + 5 + 21, 68 = 5*f + 4*w. What is the units digit of f?
2
Let b(i) = i**3 - 11*i**2 + 15*i - 14. What is the units digit of b(10)?
6
Let c = -5 + 4. Let a = 12 + c. What is the units digit of a?
1
Let m be 30/(-7) - (-8)/28. Let o(h) = h**2 + 4*h + 4. What is the units digit of o(m)?
4
Let r = 4 - -5. What is the units digit of r/(-1 + 4) - -8?
1
Let l = -488 + 685. What is the tens digit of l?
9
Let t = -27 + 72. Suppose -5*f - 4*m = -t, 5 + 4 = f + 2*m. What is the units digit of f?
9
Suppose -g = -2*h + 2*g + 242, -5*h + 3*g = -623. What is the hundreds digit of h?
1
Suppose -40*g - 342 = -43*g. What is the tens digit of g?
1
Let k(p) = 11 + 9 - 5*p - 23. What is the tens digit of k(-5)?
2
Let a(j) = -3*j + 4. What is the tens digit of a(-6)?
2
Let o(r) = -r**2 - 12*r + 5. What is the units digit of o(-9)?
2
Let t(g) = 2*g**3 - 5*g**2 + 3*g - 22. What is the units digit of t(4)?
8
Suppose 4*d - 16 = 0, 2*d + 84 + 24 = 4*p. Let l = p - 17. What is the units digit of l?
2
Let r = 1 + -3. Let q = 10 + r. Suppose q*y = 5*y + 12. What is the units digit of y?
4
Suppose 705 = 7*r - 261. What is the units digit of r?
8
Let h(l) = -l**2 + 4*l - 6. Let i be h(4). Let t = -4 - i. Suppose 5*f = -5, -4*f + t = 2*s - 2*f. What is the units digit of s?
2
Let w = 79 + -39. What is the units digit of w?
0
Let k(c) = 3*c - 7. Let o be k(8). Let z = -10 + o. What is the units digit of z?
7
Let y(z) = -2*z**3 - 7*z**2 + 4*z + 1. What is the units digit of y(-4)?
1
Suppose -l + 3*l = 0. Let r = l - 0. Let h(u) = -u**2 + 5. What is the units digit of h(r)?
5
Let k(r) = -r**2 + 3*r + 2. Let i be k(3). Let x = -5 + i. What is the units digit of x/(-4) - (-4)/16?
1
Suppose 2*r - k - 24 = -2*r, -2*r + 2*k + 18 = 0. Suppose 5*v = -r*g + g + 89, g + 2*v = 26. What is the tens digit of g?
1
Let x(f) = -3*f - 1. Let b be x(-1). Suppose b*y - 8 = -0*y. Suppose 2*l - 28 = -y*u, l + 4*u = -10 + 34. What is the units digit of l?
4
Let q(c) = c**3 - 7*c**2 - 1. Let g be q(7). Let f be ((-12)/16)/(g/4). Suppose -y + f = -0*y. What is the units digit of y?
3
Let p(a) = -a + 4*a + 8 - 4*a. Let g be p(9). What is the units digit of g - (1 + -3)/1?
1
Let a be 2/4 - (-188)/8. Let u = 14 + a. What is the units digit of u?
8
Suppose -4*s - 97 = -301. What is the tens digit of s?
5
Suppose 14*g - 6*g = 104. What is the tens digit of g?
1
Suppose 8 = 2*l - 2*h, 0*h - 8 = 4*h. Let d(x) = 2*x**2 - 2*x - 2. What is the units digit of d(l)?
2
Let l = -7 + 10. Let i = l + -3. Suppose i = 2*j + 2*j - 12. What is the units digit of j?
3
Let u = -213 + 340. What is the hundreds digit of u?
1
Suppose 5*m - 4*u - 66 = 0, 3*u - 8*u + 20 = 4*m. Suppose m = -3*n + 64. What is the tens digit of n?
1
Let u(o) be the first derivative of -o**2/2 - 4*o - 2. Let h be u(-8). What is the units digit of 8/4*h*1?
8
Let h(n) = 162*n**2 - 2*n + 3. What is the tens digit of h(1)?
6
Let k be (18/4)/((-1)/(-6)). Suppose 3*l = 6*l - k. What is the units digit of l?
9
Suppose -2*o = 3*o - 5. Let r be (0 - 4) + (-4)/2. What is the units digit of (4/r)/(o/(-12))?
8
Suppose 0 = -2*a + 40 + 52. Suppose -24 = -5*d + a. What is the units digit of d?
4
Let z = 18 + -9. Let m = z - 3. What is the units digit of m?
6
Suppose 4*k + 500 = 4*y, -601 = -4*y - y - 3*k. What is the units digit of y?
2
Let j = 158 - -24. What is the units digit of j?
2
Let t = -7 - -11. What is the units digit of (t - 5)/((-1)/2)?
2
Let b(f) = -5*f - 2. Let o be b(-2). Let g = o + -14. Let v = 9 - g. What is the units digit of v?
5
Let b = 34 - 2. Suppose -b = c + c. Let d = -1 - c. What is the units digit of d?
5
Let w(f) = f**3 - 14*f**2 + 2*f + 19. What is the tens digit of w(14)?
4
Let s = -127 - -234. What is the units digit of s?
7
Let d(b) = b**2 + 4*b - 1. Let p be d(-4). Let v = 10 + -3. Let r = v + p. What is the units digit of r?
6
Let s be (6/(-8))/((-2)/8). Suppose 12 = s*d - 3. Suppose 11 = v - d. What is the units digit of v?
6
Let v(k) = k**3 + 12*k**2 + 10*k - 7. Let a be v(-11). Suppose -a*x + 107 = 15. What is the tens digit of x?
2
Let r = -38 + 61. What is the units digit of r?
3
Let n = -80 + 151. What is the units digit of n?
1
Let m(k) = -2*k + k + 5 - 7. Let i be (1/2)/(4/(-48)). What is the units digit of m(i)?
4
Suppose 34 = 5*o - 6. Suppose -o - 16 = -4*q. What is the units digit of q?
6
What is the tens digit of (711/6)/((-9)/(-12))?
5
Let u = 99 - 38. What is the tens digit of u?
6
Let r = -4 + 7. Suppose 2*t - o - 6 = 20, -20 = 5*o. Let m = t - r. What is the units digit of m?
8
Let h(k) = -39*k + 1. What is the units digit of h(-1)?
0
Suppose 3*d = 4*j - 244 - 41, -j + 3*d = -69. What is the units digit of j?
2
Suppose n = p + 38, 0*p + p - 190 = -5*n. What is the units digit of n?
8
Suppose 0*v + 3*v = 36. Suppose 0 = m - s - 9 - v, m + 5*s - 3 = 0. What is the units digit of m?
8
Let m = 112 + -79. Let h = 47 - m. What is the tens digit of h?
1
What is the hundreds digit of 5/((-15)/378)*-1 - -2?
1
Let g(y) = -y**3 - 5*y**2 - 4*y. Let s be g(-3). Let m = 6 + s. Suppose 10 = -m*k + 2*k. What is the units digit of k?
5
Let z = -196 - -333. What is the units digit of z?
7
Let x(l) = 14*l - 1. Let u be x(5). Let p = -39 + u. What is the tens digit of p?
3
Let n(a) = -a**3 - 12*a**2 - 16*a - 6. What is the units digit of n(-11)?
9
Let a = 4 + -7. Let f be (a + (-4)/(-2))*-2. Suppose -2 = f*k - 16. What is the units digit of k?
7
Suppose -f + 908 = 3*f. What is the units digit of f?
7
Let l be 530/8 - 4/16. Suppose -5*g - 1 = -l. What is the units digit of g?
3
Let p(q) = 7*q**3 - 2*q**2 + q. Let l(t) = t**2 - 12*t + 9. Let o be l(11). Let f be 9/12 - o/8. What is the units digit of p(f)?
6
Suppose -6*f = 5*f - 539. What is the units digit of f?
9
Let s(m) = m**3 + 7*m**2 + 9. Suppose -2*u = 3*u - 40. Suppose w + u = 1. What is the units digit of s(w)?
9
Let p = 10 + -20. Let q = p - -55. What is the tens digit of q?
4
Let i be 0 + 2 - 3/(-1). Suppose -u = -i*u + 92. What is the tens digit of u?
2
Let k be -2*(27/3)/(-3). What is the units digit of k/21 + (-351)/(-21)?
7
Suppose -2*y = -59 - 37. Suppose -2*t = -f + 2*f - y, t = 5*f + 24. What is the units digit of t?
4
Let l(h) = h + 2. Suppose -5*p = -25, 2*j + 2*p = 7*p - 25. Let s be 0 - 1 - j - -5. What is the units digit of l(s)?
6
Suppose 0 = 3*u - 8*u + 20. Let h be 2 + -3 + (1 - -1). Suppose u*c - 11 = -r, -3 = 2*r - h. What is the units digit of c?
3
Let f be ((-10)/6)/(2/6). Let l(s) = s**3 + 4*s**2 - 6*s + 1. Let c be l(f). What is the units digit of (1 - c/4)*-10?
5
What is the units digit of (4/(-6))/((-48)/1656)?
3
Suppose 